mon factor of r and h?
8
Let o(l) = -2*l + 30. Let w be o(0). Let y = -21 + w. Suppose 4*z - u - 16 = 22, -15 = -z + 3*u. What is the highest common factor of z and y?
9
Let a(m) = -m**2 - 12*m + 16. Let j be a(-10). Suppose 3*r - j - 27 = 0. Calculate the greatest common factor of 168 and r.
21
Let i = 388 + 483. Calculate the greatest common factor of i and 13.
13
Suppose -4*l + 2*g - 4*g + 20 = 0, -4*g = 4*l - 24. Let i(v) = 7*v - 2. Let f be i(l). Calculate the greatest common factor of f and 78.
26
Let j be 9/(-18) - 1/(-2). Let h = 0 - j. Suppose h = 5*y - 420. Calculate the highest common factor of y and 12.
12
Let m(b) = -88*b + 1239. Let o be m(14). What is the highest common factor of o and 287?
7
Let h be (-2 - (0 - 1)) + 3. Suppose 6 = -3*w, -s + h*w = 4*s - 24. Calculate the highest common factor of 32 and s.
4
Let s(a) be the second derivative of a**4/6 + 5*a**3/6 - 9*a**2/2 - 2*a. Let o be s(-5). Let l = o + 14. What is the greatest common divisor of 210 and l?
30
Let c = 2786 + -2176. Calculate the highest common factor of 10 and c.
10
Let l = -17 - -16. Let x be l + 2 - (-2 - 25). Calculate the highest common divisor of x and 252.
28
Suppose -q - 5*m = -1, m + 1 = -0*m. Let v = 91 - 35. Let h = -26 + v. Calculate the greatest common divisor of h and q.
6
Let i be (3 + -1)/(12/78). Suppose 13*q = 8*q + 585. Calculate the greatest common divisor of q and i.
13
Let o = 691 - 687. What is the greatest common divisor of o and 29?
1
Let f(q) = -2*q**2 - 78*q - 63. Let h be f(-38). What is the highest common divisor of h and 689?
13
Let k(j) = j**3 - 4*j**2 - 10. Let y be k(5). Suppose 16 = r - 59. What is the greatest common factor of y and r?
15
Let i(p) = -29*p + 1. Suppose -u = j + 6, u + 15 + 6 = -4*j. Let n be i(u). Let s be n/(-12)*(-28)/5. Calculate the highest common divisor of s and 2.
2
Let n(y) = -3*y**3 - 4*y**2 - 8*y. Let j be n(-4). What is the highest common divisor of 96 and j?
32
Suppose 6*h - h = 20. What is the highest common divisor of 9 and h?
1
Let l be 415 + (2 + 3)/(-5). What is the greatest common factor of l and 23?
23
Let u be 3/((-6)/(-4)) - 2. Let a be (2/((-6)/(-3)) - u) + 11. Calculate the highest common divisor of a and 48.
12
Let s = 1340 + -1148. What is the greatest common factor of s and 6?
6
Suppose 0 = l - 0*l - 1. Let z(u) = 23*u - 64. Let w be z(3). What is the greatest common divisor of l and w?
1
Suppose -63*q + 92*q - 58 = 0. What is the highest common divisor of q and 9?
1
Let c = -1 - -4. Suppose 10*w + 7*w = 51. Suppose -2*r + 60 = c*f - 7*r, 3*f - w*r - 66 = 0. What is the highest common divisor of f and 5?
5
Let r(b) = 24*b**2 - 1. Let w be r(1). Suppose -2*s + 327 = w. What is the highest common factor of 19 and s?
19
Let j = -8 + 8. Let q be (-2 - j) + 5 + -3. Suppose q = 2*f - 100 - 4. What is the highest common factor of f and 13?
13
Let y(t) = 124*t - 404. Let w be y(5). What is the greatest common divisor of w and 552?
24
Let a(i) = -i**3 - 14*i**2 - 20*i - 28. Let l be a(-14). Calculate the greatest common factor of l and 56.
28
Suppose -3*y - 56 = -7*y. Suppose 2*x = -a + 6, 4*a = a + 3*x. Suppose 3*o + a*o - 560 = 0. Calculate the highest common factor of y and o.
14
Let p(o) = 7*o**2 + 2*o - 1. Let n be p(1). Let c be n/20 - (-86)/10. Let y = -36 - -63. What is the highest common factor of c and y?
9
Let a be (-1 - -1)/2 + 216. What is the greatest common divisor of 24 and a?
24
Let r(b) = -978*b + 11750. Let a be r(12). Suppose 0 = 2*x + d - 94 - 8, -x + 33 = -4*d. What is the highest common divisor of x and a?
7
Suppose y = -3*f + 5*f + 11, 0 = -2*y - f + 17. Suppose 3*h - 161 = 55. Calculate the highest common factor of y and h.
9
Let o be (1118/129)/((10/21)/5). Calculate the highest common factor of 728 and o.
91
Let c be 12/8 - 2/(-4). Suppose -6*g = -c*g - 12. Suppose 78 - 15 = g*v. What is the greatest common factor of v and 14?
7
Suppose -z = w - 2*w + 17, -3*z = -w + 23. Suppose r - 27 - w = -4*g, r + 5*g = 46. What is the highest common factor of r and 105?
21
Let h(g) be the third derivative of g**5/30 + g**4/24 - g**3/6 - g**2. Let m be h(-4). What is the greatest common divisor of 243 and m?
27
Suppose 0 = -2*q + 22*q - 2820. Calculate the highest common divisor of q and 47.
47
Suppose -201 = -2*m + 5*x, m = 2*x + 5 + 94. Let k = m - 85. What is the highest common factor of k and 152?
8
Let d = 90 + -42. Suppose 0 = 2*u - 3*j - 20 - 13, -d = -3*u + 4*j. Calculate the highest common divisor of 12 and u.
12
Let j = -126 + 136. Calculate the highest common divisor of j and 45.
5
Suppose 0 = -35*y + 37*y - 1920. What is the greatest common divisor of y and 8?
8
Let j be 12*(13 - (-357)/(-28)). What is the highest common factor of 573 and j?
3
Let g(t) = 2*t**2 + 8*t - 11. Let k be g(7). Let i = 374 - k. What is the greatest common divisor of i and 21?
21
Let a = 347 + -324. What is the highest common factor of 92 and a?
23
Suppose 383*c - 351*c - 1024 = 0. Let z be (-2*3)/(5/(-240)). What is the highest common factor of z and c?
32
Suppose -5*i + 4*i = 2*t + 12, -2*i + 4*t + 8 = 0. Let g be (-9)/((-2)/(0 - (i - -2))). What is the greatest common divisor of g and 18?
9
Suppose 5*w = -r + 70, 3*r = 3*w - 36 - 24. Suppose 104 - 14 = -3*k. Let a be k*(-1)/4*(3 + -1). Calculate the highest common factor of a and w.
15
Let y(s) = -s**3 - 9*s**2 - 9*s + 9. Suppose 0 = -2*b - 2 - 14. Let h be y(b). Suppose 9*m - 1428 = -3*m. What is the highest common factor of m and h?
17
Suppose 13664 = 1614*p - 1610*p. What is the greatest common divisor of 56 and p?
56
Let j be (-5 - 651/(-133)) + (-5706)/(-57). What is the greatest common divisor of 60 and j?
20
Let z = 13 + -9. Suppose -z = -3*n + 8. Suppose 76 = 2*u - k - 2*k, u - n*k = 28. Calculate the highest common factor of 4 and u.
4
Let f(s) = s**3 - 4*s**2 + 5*s - 2. Let q be f(3). What is the greatest common divisor of q and 8?
4
Suppose -2*o - h + 6*h = -23, 5*h = 5. Let p(w) = 18*w + 406. Let y be p(-14). Calculate the greatest common divisor of y and o.
14
Suppose 7*c - 4*c - 198 = 5*o, -3*c + o + 210 = 0. What is the greatest common factor of c and 213?
71
Let a(f) = f**3 + 23*f**2 + 44*f + 47. Let b be a(-21). What is the highest common divisor of 35 and b?
5
Let l = 392 + -264. Calculate the highest common factor of 24 and l.
8
Let s be -2 + (-74)/((-4)/2). Suppose 2*o = 35 + s. Calculate the greatest common factor of 14 and o.
7
Let n(m) = m**2 - 7*m + 11. Let u be n(6). Suppose -u*t - 4*c = c - 100, c + 10 = t. Let r be 6/t - 1892/(-20). What is the highest common factor of r and 38?
19
Suppose 3*h = 3*r + 252, -h - 3*h + 340 = -3*r. Calculate the highest common factor of h and 11.
11
Suppose 2*w = -2, 4*m - 62 = 3*w + 337. Let b be (-2 + (-1 - -2))/((-1)/11). What is the highest common divisor of b and m?
11
Suppose 5*t + 126 - 351 = 0. Suppose -q + t = 2*q. Suppose -q = -3*o + 9. What is the highest common factor of o and 48?
8
Let r(u) = -u**2 - 13*u - 3. Suppose 2*x + 13 = -5*c - 10, -5*x = -5. Let o be r(c). Let p = o + -12. What is the greatest common factor of p and 10?
5
Let h be (2 + (-20)/8)*-34. Let j be 10/(-6) + 7/(-21). Let q be (j - (-5 - -2))*34. Calculate the greatest common factor of q and h.
17
Let t(x) = 5*x + 8. Let n = -17 - -24. Let a be t(n). Suppose a = 2*b + 7. Calculate the greatest common divisor of 2 and b.
2
Suppose 3*k - 3540 = -4*q, 3*q + 274 = -2*k + 2930. Calculate the highest common divisor of 48 and q.
24
Let v(h) = h**2 - 7*h + 6. Let d be v(-3). Calculate the highest common factor of d and 36.
36
Let k(u) = 6*u**2 - 6*u + 9. Let h be k(3). What is the greatest common factor of 63 and h?
9
Let i = 158 - 70. Calculate the highest common divisor of i and 40.
8
Suppose -2*k + 4*k + 8 = 0, 0 = g + 4*k + 6. Suppose -54 = -4*d - g. Suppose -108 = d*a - 13*a. What is the highest common factor of a and 6?
6
Let j(l) = l**3 - 5*l**2 + 4*l + 5. Let r be j(5). Let u be -5 + 9*(47 + -72)*2/(-15). What is the highest common factor of u and r?
25
Suppose 4650 - 24954 = -18*u. Calculate the highest common factor of u and 8.
8
Suppose 2*g - i = -2*i + 19, -28 = -3*g - 2*i. Suppose 0 = 3*a - 424 + 154. Suppose -3*w = -0*w - a. Calculate the highest common factor of g and w.
10
Let b be 9/18 +